ors of j.
5, 7
Suppose 0 = 2*v - v, -5*j + 155 = 5*v. Let z = j + -26. Suppose n = z*k - 24, -3*k + 28 = 4*n + 9. List the prime factors of k.
5
Let n = -31 + 40. Let q(m) = 6*m**2 + 30*m + 17. List the prime factors of q(n).
773
Suppose 47*p + 2 = 48*p. Let t be ((-3)/1)/(p/(-2)). Suppose t*u - 132 = 4*k - 460, 3*k + 2*u = 246. What are the prime factors of k?
2, 41
Let c(x) = -4*x**2 + 56*x + 3. Let b be c(14). Suppose -4*r - b*f + 387 = 0, 2*r + f + 460 = 7*r. List the prime factors of r.
3, 31
Let w = 313 + -201. List the prime factors of (w/49)/(14/6713).
2, 137
Let s be -2 - (-2 - 7 - -3). Suppose 3*u + 0*m + 1 = -m, 4 = -s*m. Let z = u - -103. List the prime factors of z.
103
Suppose 73*n = 72*n. Suppose n = -4*v - 8, 3*h + 39 = 4*h + 5*v. List the prime factors of h.
7
Let a = -11 + -178. Suppose 0 = 13*g + 6*g + 1083. Let h = g - a. What are the prime factors of h?
2, 3, 11
List the prime factors of 9/2*42460/66.
3, 5, 193
Let w(c) = -c**3 + 8*c**2 - 11*c - 9. Let s(r) = -2*r**3 + 16*r**2 - 21*r - 18. Let h(u) = -6*s(u) + 11*w(u). List the prime factors of h(8).
7
Let y(m) = 2*m**3 + 162*m**2 - 190*m - 690. What are the prime factors of y(-81)?
2, 3, 5, 7
Let i = -356 + -258. Let k = 870 + i. What are the prime factors of k?
2
Let w(n) = -n - 41. Let g be (-5)/((-25)/(-12))*(-105)/42. Let l be w(g). Let i = l - -211. List the prime factors of i.
2, 41
Suppose 4*z + 1259 = r, -2*r + z = -1975 - 515. Let j = r + -884. List the prime factors of j.
359
Suppose 0 = -18*q + 16*q + x + 296, 4*q - 596 = x. List the prime factors of q + 5 + (-12)/(5 - 2).
151
Let y(f) = -5*f + 62. Let g be y(6). Suppose g*d + 9096 = 40*d. What are the prime factors of d?
3, 379
Let y(k) = -18*k + 18. Let j be y(9). Let m be (j/2 - -2) + 3 + -4. Let i = m - -173. List the prime factors of i.
2, 3, 17
Suppose 5*q + 33 = -9*b + 10*b, 0 = -q - b - 3. Let f(k) = -95*k - 13. List the prime factors of f(q).
557
Suppose -348*k - 50173 = -359*k + 3364. List the prime factors of k.
31, 157
Let a = 3410 + -2072. Suppose 4*v = -6*x + 7*x + 5379, a = v + 2*x. What are the prime factors of v?
2, 3, 7
Suppose 199*n + 156948 = -192*n + 413*n. List the prime factors of n.
2, 3, 29, 41
Let v(o) = o**3 + 6*o**2 + 7*o - 2. Let i be v(-3). Let u(g) = 5*g**3 - 6*g**2 + 6*g - 2. Let n be u(i). Suppose -7*r - n = -9*r. List the prime factors of r.
3, 41
Suppose 7*d - 2*d = 4*n + 109004, 5*d - 108956 = -4*n. List the prime factors of d.
2, 5449
Let d = 8637 + -5177. What are the prime factors of d?
2, 5, 173
Let w = 828 + -802. Let v = w - -291. List the prime factors of v.
317
Let u = 519 + 4011. What are the prime factors of u?
2, 3, 5, 151
Suppose j + 3441 = 2*o, 0 = -o - 4*j + 936 + 798. Let c = o + -778. What are the prime factors of c?
2, 59
Let s = -53 + 77. Let g be (-6)/s + (-930)/(-8). List the prime factors of -1*2 + g/(6/6).
2, 3, 19
Suppose 0 = -168*q + 270*q - 59568. List the prime factors of q.
2, 73
Let j(h) = -3*h**3 + 2*h**2 + h - 2. Let l be j(-2). Let k = l + 62. Suppose -554 = -4*m - k. List the prime factors of m.
2, 29
Suppose -712208 = -42*m - 17654. List the prime factors of m.
23, 719
Let p be (-51 - 1)*2/(-4). Let r = -5556 - -5596. Let o = p + r. List the prime factors of o.
2, 3, 11
Suppose 0 = 12*x - 169 + 1153. Let w = 174 + x. Suppose 2*m = 2*f + 2*f + 46, 5*f + w = 4*m. List the prime factors of m.
23
Let a(f) = -32*f**2 + 33*f + 8. Let i be a(11). Let k = i - -5173. What are the prime factors of k?
2, 11, 19
Let a = 1933 - -4482. List the prime factors of a.
5, 1283
Let l(f) = 487*f - 1683. What are the prime factors of l(6)?
3, 7, 59
Suppose 0 = -14*l + 65*l + 459. Let w(j) be the first derivative of -j**3/3 - 11*j**2/2 + 21*j + 1. List the prime factors of w(l).
3, 13
Let m = -69 + 81. Let z(j) = 64*j + 87*j - 191*j - m. What are the prime factors of z(-3)?
2, 3
Let q = 616 + -612. What are the prime factors of (-2 - (q - 426/12))*26?
13, 59
Suppose -933*r - 2 = -932*r, -3*g + 2*r + 16921 = 0. List the prime factors of g.
5639
Let k(h) = h**2 + 17*h + 33. Let i be k(12). Suppose -i - 2349 = -13*y. What are the prime factors of y?
2, 3, 5, 7
Let w = 148 + -145. Suppose -w*f - 5*v + 676 = 0, -3*f + 2*v = -3*v - 626. What are the prime factors of f?
7, 31
Let u be (4/3 - 2)*(-150 + -9). Suppose -u = 6*w - 8*w. What are the prime factors of w?
53
Suppose 5*c - 27590 = 2*d - 172287, 3*d - 217084 = 2*c. What are the prime factors of d?
2, 3, 7, 1723
Let w be 4/((-4)/3)*4/(-3). Suppose -5*s = -4*c + 6, -c + 3*c = 2*s + w. Suppose 231 - 3 = c*g. What are the prime factors of g?
3, 19
Suppose 6*h = 7*h + 21. Suppose -836 = -5*i + 2*r, 6*i - 676 = 2*i - 2*r. List the prime factors of (h/(-4))/(18/i).
7
Suppose -2*s = -656 - 1610. List the prime factors of s - (2 - 3*(-4)/(-3)).
5, 227
Let a(s) = -53*s - 17. Let l be a(-2). Suppose 525 = w + l. What are the prime factors of w?
2, 109
Let f(z) = -55*z + 61. Let v be f(1). List the prime factors of ((-36)/(-20))/(v/450).
3, 5
Let n(f) = f**2 + 8*f - 80. Let q be n(-14). Suppose -1133 = -0*j - q*j + 5*g, 0 = 2*j - 5*g - 569. What are the prime factors of j?
2, 3, 47
Suppose 2*a + 10*a - 24 = 0. Suppose -a*n = -870 - 34. What are the prime factors of n?
2, 113
Let i be 345/(-7) + (10/7)/5. Let q = i - -114. List the prime factors of q.
5, 13
Let a = 33199 - 16415. What are the prime factors of ((a/12)/(-4))/(1/(-3))?
1049
Let q be (-8 + 12 + (1 - 3))*1. Suppose q*v = -6, 12 = r - 4*v - 10. What are the prime factors of r?
2, 5
Let m(z) = z**3 - 13*z**2 + 12*z + 4. Let q(s) = -6*s - 36. Let h be q(-8). Let u be m(h). List the prime factors of (u/6)/(2/6).
2
Let j be (-7 + 81/9)*1*94. Let c = j - 16. List the prime factors of c.
2, 43
Suppose -f = 4*f - 30. Suppose -4*t = -4*j + 1736, 4*j + 3*t - 1733 = f*t. Let u = j + -251. What are the prime factors of u?
2, 3, 5
Suppose 3*j + 1395 = 5*j - 5*r, j - r = 690. Suppose x = 4*x + 15, -3*n - 4*x = -j. What are the prime factors of n?
5, 47
Let x(f) = -28*f. Let m(l) = -l**3 + 20*l**2 - 23*l + 69. Let z be m(19). List the prime factors of x(z).
2, 7
Suppose -38*c + 517016 = -222047 + 13567. What are the prime factors of c?
2, 3, 37, 43
Suppose -1403 = a - 24*a. Suppose 3*m + 8*p = 3*p + 69, 2*m - 4*p = 24. Let o = a + m. List the prime factors of o.
79
Suppose -5*a + 2*a + 331 = -4*t, -2*a - 4*t + 234 = 0. Let x = a - 110. Suppose -x*q + 0*q = -435. List the prime factors of q.
5, 29
Suppose -19*n - 833 - 1048 = 0. Let j = n - -159. List the prime factors of j.
2, 3, 5
Suppose -19*r + 1280 = -14*r + 3*j, 0 = -2*r + 3*j + 512. Let c = 34 + r. List the prime factors of c.
2, 5, 29
Let s = -78 - 342. Let p = -268 + 57. Let t = p - s. What are the prime factors of t?
11, 19
Suppose -101*m = -109*m + 13664. Suppose m = 4*b - 300. List the prime factors of b.
2, 251
Let t(w) be the third derivative of -w**6/60 - 7*w**5/60 - w**4/6 - 2*w**3 + 38*w**2. List the prime factors of t(-4).
2, 5
Let y be 1020*(6 + 117/(-18)). Let k = 2283 + y. List the prime factors of k.
3, 197
Suppose 3*q - 2094 = -g, 2556 = 4*q - 3*g - 249. Suppose 6*v - 729 = q. List the prime factors of v.
2, 7, 17
Suppose 3*s - a - 17 = -s, -3*a = 15. Let d(n) = 4*n**3 + 2*n**2 - 1. Let v be d(1). Suppose -s = j - 0*j, l + v*j = 59. What are the prime factors of l?
2, 37
Let i(a) = 445*a + 3. Let m be i(-1). Let q = -184 - m. Let v = -140 + q. What are the prime factors of v?
2, 59
Suppose -180 = 10*y + 20. Let r(w) = 1. Let d(p) = 4*p + 6. Let g(o) = -d(o) + 3*r(o). List the prime factors of g(y).
7, 11
What are the prime factors of ((-611240)/7)/(-2) - (1 - -6)?
3, 14551
Let m = -104 + 111. What are the prime factors of (40/32 + m)/((-2)/(-56))?
3, 7, 11
Let j = 94 + -365. Let y = 514 + j. List the prime factors of y.
3
Suppose 3*g - 33 = 4*v, 33 = 3*g + 4*v + v. Suppose -g*d + 5358 = 8*d. What are the prime factors of d?
2, 3, 47
Let d be -7 - 40/12*-3. Suppose -d*s + 4239 = a, -s - a = -293 - 1122. What are the prime factors of s?
2, 353
Suppose 3*s = -y + 44660, -3*s + 36170 = 5*y - 8486. What are the prime factors of s?
14887
Let u(j) = -j**3 - 9*j**2 + 22*j - 57. Let n = -128 - -115. What are the prime factors of u(n)?
3, 37
Let l = 19798 - 12998. What are the prime factors of l?
2, 5, 17
Let q = 26